*f - 829 - 3403 = k. Is f a prime number?
False
Let b(g) = -g**3 + 9*g**2 - 11*g - 11. Suppose -2*a + 136 = 5*f, 0*a = 5*f - 3*a - 146. Suppose 3*q + f = 4. Is b(q) a composite number?
True
Suppose -m - 3*l = -1996, -2*l = -11*m + 7*m + 8026. Suppose 4*g - 7281 = -m. Is g a composite number?
False
Let g = 21 - 21. Suppose g = -8*m - 28 + 68. Suppose -901 = -m*q + 1884. Is q composite?
False
Suppose 0 = z + 30*r - 24*r - 341111, -4*r + 682238 = 2*z. Is z composite?
False
Suppose -10*h + 5*h + 15 = 0. Suppose -v + 151 = h*f, -f - v + 51 = -0*f. Is -20 + 23 + f*14 a prime number?
False
Suppose -70213 - 301359 = 4*p - 8*p. Is p composite?
False
Let v(l) = 7088*l - 2477. Is v(17) a composite number?
True
Suppose -y + 6235 = -4*j, -6241 = -y - 3*j + 5*j. Let g be 1 + -6*1/(-3). Suppose 4*z = -f + 2*f + y, 4668 = g*z + 5*f. Is z prime?
False
Let i(a) = 964*a**2 - 2*a - 43. Is i(-5) a composite number?
True
Let h(i) = 4316*i - 79. Let v(p) = -15*p + 186. Let c be v(12). Is h(c) a composite number?
True
Let v = 1277 + -1278. Let i(d) = -6 + 505*d - 1228*d - 818*d. Is i(v) a composite number?
True
Let g(j) = 3856*j**2 + 62*j + 56. Is g(5) composite?
True
Let a(d) = -354*d**3 + 5*d**2 + 187*d + 929. Is a(-5) prime?
False
Suppose -o = -2*z + 5, -2*z - 6*o = -2*o - 30. Suppose -z*a + 20474 + 2061 = 0. Is a composite?
False
Let l = -92 - -101. Suppose r = -4*t + 3393, 4 - l = t. Is r prime?
True
Let h(z) be the third derivative of z**6/120 - 13*z**5/60 + 5*z**4/8 - 7*z**3/2 + 124*z**2. Let m(j) = -j + 6. Let t be m(-6). Is h(t) prime?
False
Let f = 345 + -339. Is 2/(24/f) - (-1537)/2 a composite number?
False
Let g(c) be the first derivative of -9*c**4/2 + 8*c**3/3 - 2*c**2 - 12*c + 10. Let l be g(5). Is 1/((-8331)/l - 4) a prime number?
False
Let k(o) = 25*o**3 + 19*o**2 + 86*o - 113. Is k(12) prime?
False
Let y(v) = 2*v + 17. Let w be y(15). Let q = 81 - w. Suppose 0 = 4*g + s - 954, -g + 263 = 5*s + q. Is g prime?
True
Let m(y) = -24934*y**3 - 5*y**2 - 8*y - 4. Let t(p) = 24932*p**3 + 6*p**2 + 9*p + 4. Let d(s) = 6*m(s) + 5*t(s). Is d(-1) a prime number?
True
Suppose -367 + 3162 = 5*o. Let x = -1965 + o. Let h = 2317 + x. Is h composite?
False
Let o(y) = -7*y + 12. Let l(r) = 14*r**2 - 4*r + 2. Let z be l(1). Suppose z*q - 10*q = -10. Is o(q) a prime number?
True
Let z(n) = -n**3 + 7*n**2 - 8*n + 4. Let g be 54*1/(-1 + 0). Let v = g + 59. Is z(v) composite?
True
Let v(r) = -62*r**2 + 2*r**3 + 26*r + 54*r**2 + 1 + 5 - 1. Let g be v(11). Let s = -948 + g. Is s composite?
True
Suppose 0 = 4*i + 12, 5*g - 75*i + 78*i - 912376 = 0. Is g a prime number?
False
Let w(d) = -265*d - 8. Suppose -2*q - q - 2*s = 29, 0 = 4*q - 3*s + 33. Let l be ((-3)/q)/(2/(-30)). Is w(l) prime?
False
Suppose -3*a = -8*a + 5*t + 2002910, -1602139 = -4*a - 17*t. Is a a prime number?
False
Let p(r) = 8*r - 14. Let h be p(3). Let t be 195/50 + 1/h. Suppose -883 = -5*z - 4*s + 1506, t*z - s - 1928 = 0. Is z a prime number?
False
Let b(n) = -2*n**2 + 60*n - 29. Let t be b(27). Let v = t + 536. Is v composite?
True
Let x be ((-4)/14)/(-2) + (-117)/(-63). Suppose 5*n = x*s - 1687, -s - 2*n - 1696 = -3*s. Is s composite?
True
Let l(n) = 2*n**2 + 21*n + 53. Let u be l(-7). Suppose -u*f = 4*k - 31444, -5*f - 39285 = -7*k + 2*k. Is k a composite number?
True
Suppose 765044 = -417*a + 445*a. Is a a composite number?
True
Let x = -128907 - -310574. Is x composite?
False
Suppose -4*q - 12 = -a, 4*a - 4*q = 6*a. Suppose a*k - 5942 = 2694. Is k a prime number?
False
Let q be 76 + 0 + (6 - 4)/2. Let s = q - 5. Let b = s - -511. Is b a composite number?
True
Let w = 276635 + -153076. Is w composite?
True
Let v(g) = 10*g**2 + g + 3. Let c be v(-1). Suppose 22 = 5*s + c. Suppose -s*t - 173 = -3855. Is t prime?
False
Suppose k + 57 = 3*a, 3*a - 2*k - 30 = 30. Is a/(-36)*(-5008 - -2) prime?
True
Let z = 153 - 29. Suppose -4*v - 179 = 2*j + v, -j + 4*v = 83. Let k = z + j. Is k a composite number?
False
Let f(k) = -2*k**3 + 18*k**2 - 101*k + 144. Is f(-23) composite?
True
Let i(y) = 69419*y - 150. Is i(1) a prime number?
False
Suppose 0 = 5*h + m - 2212204, -8*m = -5*h + 3*h + 884806. Is h a composite number?
False
Suppose 4*l = 82*p - 86*p + 534916, -3*p + 401195 = l. Is p a composite number?
False
Let w be (10/4)/(2/4). Suppose -w*k + 14 = 4, 0 = 4*g + 5*k - 12158. Is g prime?
True
Suppose -21519 = 17*r - 20*r. Suppose -3*q + 354 = -r. Is q composite?
True
Let h(q) = -4*q - 6. Let d be h(-2). Suppose 2*t - 3*g - 12 = 0, -d*t + 6 = 2*t + 3*g. Suppose -f + 23 = -4*c - 12, -t*f + 98 = -5*c. Is f a composite number?
False
Is (159978/48 - 9)*(-1 + 9) prime?
True
Suppose 5*u + 5 = 6*u. Let h be (u + -1)/((-4)/(-118)). Let d = 605 - h. Is d a composite number?
False
Let d = 66034 + -1463. Is d composite?
True
Let s be ((-624008)/(-10))/11 + (-2)/(-10). Let g = s + 9422. Is g a composite number?
True
Let q be -3 - (0/2 + -69). Suppose -q*y = -60*y - 1266. Is y a composite number?
False
Let b(j) = j**2 - 2*j**2 - 27*j + 31 - 2*j**2 + 2*j**2. Suppose -3*h + 4*t - 29 = 0, -3*t = 5*h + 2*t + 95. Is b(h) a composite number?
False
Is 8/108 + (-1072890377)/(-6696) - 3/(-8) a composite number?
True
Let v(x) = -35902*x - 123. Is v(-1) composite?
True
Let q be (12/(-15) + 0)/((-14)/35). Let i be 81991/(-28)*(q - 1*-2). Is i/(-39) + 4/6 a composite number?
True
Let x(c) = 1760*c**3 - 8*c**2 + 5*c - 3. Let r be x(3). Suppose -41*i + 107807 = -r. Is i composite?
True
Suppose -29*w - 64 = -25*w. Let t = w - -18. Suppose -2*z = 3 - 9, -4*a + t*z + 5590 = 0. Is a a prime number?
True
Let b = -82 - -76. Is (-5446)/b + 16/(-24) a prime number?
True
Suppose -619335 = -3*u - 4*f, 4*f - 701234 = -4*u + 124550. Is u composite?
True
Is -3 + (245058 - 16) + 8 prime?
False
Let d(y) = -y**2 + 28*y - 70. Let u be d(25). Let r(l) = -l**2 + 2 - 3*l + 1 + 6*l**3 - 6*l**2. Is r(u) prime?
True
Let y(j) = 19*j**2 - 28*j + 14. Let p = -73 + 77. Suppose 5*x = 3*v + 31, 0*v - 5*x - 18 = p*v. Is y(v) prime?
False
Suppose -286*c + 4*q = -282*c - 3455908, -2*c + 1727936 = -5*q. Is c composite?
False
Let u(p) = p**3 + 4*p**2 + 9*p + 56. Let b be u(-4). Is (221712/b - 4/(-10)) + -3 a prime number?
True
Suppose -135397748 - 26316127 = -125*l. Is l a composite number?
True
Suppose -19*u - 1976936 = -123*u. Is u composite?
False
Let x be 186/217 - 764/(-7). Is 0 - 3/30 - (-3887961)/x a prime number?
False
Suppose 310690 - 95182 = 6*d. Suppose 8*x + 3742 = d. Is x a composite number?
True
Suppose 2690 = 12*c - 41650. Let p = c - 2436. Is p composite?
False
Suppose -73 = -2*q - 5. Let x = 32 - q. Is ((5179 - 3)/(-4))/x composite?
False
Let t be ((-686)/5)/(-7) - (-2)/5. Suppose -3*n + 8 = t. Is 187 - -8*(-2)/n composite?
False
Let w(n) = -65*n + 82 - 7 + 9. Let k = 1024 - 1049. Is w(k) composite?
False
Let q = -3472 - -7236. Suppose 4*a = q + 4208. Is a prime?
True
Let y(z) = 6*z**3 + 24*z**2 + 71*z - 85. Is y(24) composite?
False
Let p(u) = 3*u**2 - 32*u - 9. Let y = 14 + -3. Let z be p(y). Is (42/(-35))/(z/(-5755)) composite?
True
Let t(y) = 18*y**2 - 9*y + 2. Suppose 33*v = 29*v - 28. Is t(v) a prime number?
True
Let v be 3/6*(-2 - -4) - 800. Let g be 9/(-15) - 17206/(-10). Let w = g + v. Is w composite?
True
Suppose 292272 = -93*d + 109*d. Is d composite?
True
Let y = 1069267 + -425028. Is y composite?
False
Let d be 27/(-2) + 1/(-2). Let m = d - -15. Is m/(-1)*(-760)/8 composite?
True
Let a be ((-84)/10)/(38/13490). Is -3 - ((-35)/(-21))/(1/a) a composite number?
False
Suppose -11045 = -2*z - 5*o, 3*o + 16620 = 5*z - 2*z. Suppose -z = -l - 2*t, -2*l - 6*t = -3*t - 11075. Is l prime?
False
Let w = 224 + -226. Is w*(-1)/(-4) - (-265302)/36 prime?
True
Let q(z) = 8*z**2 + 8*z - 21. Let x(p) = 8*p**2 + 7*p - 22. Let d(u) = 3*q(u) - 2*x(u). Is d(-14) a composite number?
False
Suppose 0 = 3*s - 4*g - 2717, -25*s - 2687 = -28*s - 2*g. Suppose -4*h + k + 2180 = h, 2*h = -5*k + s. Is h a prime number?
False
Suppose -5*x - 11*u + 2191597 = -12*u, 4*x + 5*u = 1753266. Is x composite?
True
Let k be 3 + 1/(2 + 62/(-30)). Let o(x) = -21 + 6 + 2 + 2*x**2 - 12 - 8*x. Is o(k) composite?
False
Suppose 0 = 5*s - 267 + 2. Suppose -y = 3*n - 6, -n = 2*y + y - 2. Suppose -51*x + s*x - 1858 = y. Is x composite?
False
Let r(v) = 228*v + 289. Suppose -240 = -281*n + 275*